pose 3*m = -2*v + 21, v - 39 = -2*v - 2*m. Suppose -v = 5*b + 5*c + 10, c = 2*b + 7. Is 307/(1*b/12*-3) composite?
False
Suppose 55*a - 108 = 67*a. Is ((-10)/(-4))/(a/(-126)) a prime number?
False
Suppose 7*s - 11245 = 6941. Let q = -980 + s. Is q a prime number?
False
Let p = -10033 + 20453. Suppose 0 = -4*j + 2*j + p. Suppose 4*z + 6*z - j = 0. Is z a composite number?
False
Is 141530*1 + (-3 - 10) a prime number?
False
Suppose -567*c - 1106007 = -588*c. Is c composite?
False
Suppose -4*l + 11514362 = -2582*h + 2584*h, -3*l = 2*h - 8635771. Is l prime?
True
Suppose -2*v - 2 = 0, -5*v - 24 = -3*t + 11. Suppose 0 = x - 4*a - 211, t - 4 = -2*a. Is x composite?
False
Let o(h) = 10497*h + 442. Let x(q) = 5248*q + 221. Let b(a) = 6*o(a) - 13*x(a). Is b(-9) a prime number?
True
Suppose 0 = n + 17 - 20. Suppose -15*h + 36228 = -n*h. Is h composite?
False
Let s(n) = 28*n + 154673. Is s(0) composite?
True
Let a(o) be the second derivative of 31*o**3/6 + 17*o**2 - 2*o + 310. Suppose 23 = 5*m + 4*z, -4*m - 4*z = -3*z - 25. Is a(m) composite?
False
Let f = 41 + -33. Let m be ((-2)/3)/(f/61476). Let d = -2566 - m. Is d a prime number?
True
Suppose 96947 = -533*d + 562*d. Is d prime?
True
Let q = -39 - -34. Let w be 2*(-1)/10 - 16/q. Suppose -5*l - 192 + 6961 = 2*o, 0 = -5*o + w*l + 16876. Is o a prime number?
False
Suppose 82 = 3*w + 70. Suppose -3*o = l - 3469, -4*l + 7990 - 3362 = w*o. Suppose 18*v = 14*v + o. Is v a composite number?
True
Let s(a) = -8*a + 10*a + 15 + a**2 - 10*a. Let x be s(5). Suppose x = -5*i - d + 2100, -4*d - 1237 = -7*i + 4*i. Is i prime?
True
Let c(p) = 1428*p + 3025. Is c(192) prime?
False
Let g(i) be the third derivative of -2/3*i**3 + 0 + 0*i + 3/8*i**4 - 12*i**2. Is g(3) a composite number?
False
Is ((-6215936)/1664)/(4/(-26)) a prime number?
True
Let i(k) = -32*k**3 - 131*k**2 - 433*k + 7. Is i(-33) a composite number?
False
Let z(p) = 2*p**2 + 25*p - 9. Let b be z(-13). Suppose -g - 7369 = -3*d + b*g, g = -5*d + 12263. Is d a prime number?
False
Let o = 694397 - -1639536. Is o a prime number?
False
Is 249163 + (-72)/(-5 + 11) a composite number?
True
Suppose 0 = 2*q + 8, -4*n + 3*n = -2*q - 3116. Suppose -2*s + 3706 = 3*o, 4*s + 3*o - 10520 + n = 0. Is s composite?
True
Let t(f) = -f**3 + 2*f**2 - 7*f + 497. Let i be t(0). Let j = i + 1296. Is j a prime number?
False
Let f = 206 - 201. Suppose -11*u = -f*u - 184686. Is u a composite number?
False
Suppose 12*n - 5*n = 21. Is (7 - n/(4/4)) + 1975 composite?
False
Suppose 0 = 18*t - 4*t + 14. Is 2/12*t + 272575/150 prime?
False
Let x(a) = -3*a**2 - 37*a + 9. Let y be x(-23). Let d = y - -1445. Is d a prime number?
False
Let p(i) = -i**2 + 25*i - 150. Let o be p(9). Is 0 - ((-2)/o)/(22/(-878394)) prime?
True
Let n(g) be the second derivative of -g**4/12 - 5*g**3/3 + 15*g**2 - 9*g + 3. Is n(-7) composite?
True
Suppose -18 = 6*k - 120. Suppose -2*u = -3*i - 1393, 4*i - 3 = k. Let l = 49 + u. Is l a composite number?
True
Let y = -432 + 432. Suppose 5*m - 1912 = 104*q - 107*q, 3*q + 3*m - 1902 = y. Is q composite?
True
Suppose -7*x + 74*y = 69*y - 3371615, -2*x + 963292 = 3*y. Is x prime?
False
Let f be 1*((-2 + 5)/3)/1. Let g(i) = 6 - 38 + f - 65*i. Is g(-22) a prime number?
True
Let f(m) = 28*m**3 + 6*m + 15. Let i be f(-4). Let b = i + 4724. Is b a prime number?
False
Is 48/544*17 + (-96311)/(-2) a composite number?
False
Let y be 6*4/12 + 0. Suppose -8 = -3*f + y*x, -5*f - 1 = -3*f + 5*x. Is (-219)/(1 + f + -4) composite?
True
Suppose -4*u = -0*h - 5*h + 1089625, 1089665 = 5*h + 4*u. Is h a composite number?
True
Suppose 0 = 2*s + 145*m - 149*m - 92218, -2*s - m + 92243 = 0. Is s a prime number?
False
Let v(h) be the first derivative of 72*h**2 + h + 12. Let w be v(4). Suppose 0 = 3*d, 3*d = 2*u - 97 - w. Is u a composite number?
False
Let f = -132 - -136. Suppose 0 = 3*o + f*m - 8410, -9*m + 11*m = -4*o + 11200. Is o prime?
False
Let c = -2895 - -23458. Is c composite?
False
Suppose 0 = 4*m + 3*v - 6503, -3*m = -0*m + v - 4881. Suppose 0*i - 3*i - 2640 = -3*l, -3*i = l - 860. Let j = m - l. Is j a prime number?
False
Suppose 157508 = -18*r + 3165182. Is r a composite number?
True
Let b(j) be the third derivative of j**6/24 - j**5/10 + 29*j**4/8 + 3*j**3/2 + 40*j**2. Is b(7) prime?
True
Suppose 0 = 9*l - 1937255 + 584447. Suppose -5*u = 7*u - l. Suppose 3*n + 1363 = u. Is n a prime number?
False
Suppose -5*n - 2*m + 331806 = -3*n, 0 = 5*n + m - 829527. Suppose -48*l + n = -30*l. Is l a prime number?
False
Let c = 6145 + 14. Suppose -p = j - 3078, 4*j - 6*j + c = 5*p. Is j a prime number?
False
Let v(p) = -287*p + 14. Let y(j) = -j**2 - 2*j - 11. Let x be y(-4). Let c be v(x). Let k = -1864 + c. Is k a composite number?
True
Suppose -72*o = -70*o - 10. Suppose 2*a = o*y + 6*a - 2767, -2*a + 6 = 0. Is y prime?
False
Let l(w) = 54522*w**3 + 3*w**2 - 71*w + 69. Is l(1) prime?
False
Let x(r) = 50734*r + 750. Is x(2) a composite number?
True
Suppose -106604 = -19*s + 350691 + 180554. Is s prime?
False
Let f = 446318 + -305161. Is f a prime number?
True
Suppose 60*y = -81*y + 4075 + 249866. Is y a composite number?
False
Let g(f) be the third derivative of 1/2*f**4 + 4/3*f**3 + 0 + 0*f - 2/15*f**6 + 1/12*f**5 - 18*f**2. Is g(-5) prime?
False
Let k be (-7)/2*(-28)/49. Suppose 0 = -k*o + 6*o - 32888. Is o composite?
True
Suppose -4*h + 41634 = -2*z, -12*z = -5*h - 13*z + 52046. Is h prime?
False
Let k(n) = -n**2 + 7*n + 1. Let q be k(2). Is 2452/6 + q/33 prime?
True
Let f(b) = 62*b**3 + 6*b**2 - 38*b - 17. Is f(8) a prime number?
False
Suppose -193*g + 182*g = -44. Is g/(-4) + 16671 + -21 prime?
True
Let m = 37 + -39. Let n(i) = -3232*i**3 + i**2 + 3*i. Let d be n(m). Is d/54 + 8/36 prime?
True
Suppose 2*q + 20021 + 84046 = 5*l, 0 = -5*l - 5*q + 104060. Is l a prime number?
False
Let u(l) = -122*l + 18. Let b(o) = o**3 + 7*o**2 + o + 15. Let w be b(-7). Let k be u(w). Let q = k + 1545. Is q a prime number?
True
Let k = 65 - 19. Suppose 5*t + 21 - k = 0. Is (-2 - 13600/t)/(1 + -3) a prime number?
True
Let g(y) = 32555*y**2 + 534*y - 2113. Is g(4) a prime number?
False
Suppose 0 = -0*t + 9*t - 72. Suppose -26556 - 22924 = -t*x. Is x prime?
False
Let r(h) = 5*h**2 - 18*h - 13. Let x be r(-8). Suppose -x + 2225 = 2*u. Is u a prime number?
True
Let h(n) = -2 + 3*n + 50*n**2 - 10 + 5*n. Let m be h(9). Suppose -6*d + 96 = -m. Is d a composite number?
False
Let n = 900 + -446. Suppose -5*d + 2250 = h, d + 2*h - n = -4. Let w = -301 + d. Is w prime?
True
Let y = 1946 - -1842. Let g = 7617 - y. Is g prime?
False
Is (1377/34 + -37)*421748/14 composite?
False
Is 5/6 + (-299757783)/(-1314) a composite number?
False
Let x be 9/(-27)*-6*5/2. Suppose x*y - 3409 = 14441. Suppose -3*w - 2*m + 2675 = 0, -w + 2*m = -5*w + y. Is w a prime number?
False
Let y = 207289 + -42336. Is y composite?
False
Let g(n) = -4*n + 6. Let r be g(0). Let l(s) = 656*s + 55. Is l(r) a prime number?
False
Let g = 56761 - -1888. Is g a prime number?
False
Suppose -4*h + 13706 = 7*h. Suppose -10*m = -12*m + 12. Suppose m*b - 3115 = b + u, 0 = -2*b - 5*u + h. Is b prime?
False
Suppose -22*k = -59*k + 4200869. Is k a prime number?
True
Let n(y) = -1276*y**2 + 22*y - 50. Let k(g) = 425*g**2 - 8*g + 17. Let i(z) = -17*k(z) - 6*n(z). Is i(6) prime?
True
Suppose 4*b - 53 + 41 = 0. Suppose b*p + 5*a + 0*a - 7921 = 0, -13215 = -5*p - 5*a. Is p composite?
False
Let h be ((-1)/5)/((-4)/60) + 1 - 1. Let q(u) = 59*u**2 + 3*u + 2. Let p be q(-2). Suppose -59 - p = -h*t. Is t composite?
False
Let q be 6 + 1 - (41 + -43). Let u(d) = 12*d**3 - 3*d**2 + 37*d + 13. Is u(q) a prime number?
False
Let c(g) = -859*g - 57. Let y be c(2). Let s = 3148 + y. Is s composite?
False
Suppose 199*c + 267902 = 202*c - x, -3*c + 267877 = 4*x. Is c a composite number?
True
Suppose -3*m + 124756 = 2*f, -4*m - 1026 - 248546 = -4*f. Is f a composite number?
True
Let i = 9268 - 10319. Let m(q) = -2*q**3 - 2*q**2 + q + 4. Let z be m(6). Let l = z - i. Is l a composite number?
False
Let j be (-5)/(-3) + (-266)/57. Let r(b) = 305*b**2 - 14*b - 8. Is r(j) a composite number?
True
Suppose -636 = -m + 3*q, 5*m + 3*q - 1067 - 2059 = 0. Suppose -457 = -3*v - r, -4*r + m = 5*v - 130. Let o = v + 1066. Is o prime?
False
Is (3/2 - 3)*(-4292472)/36 a composite number?
Fa